{"id":36,"date":"2024-11-04T18:40:39","date_gmt":"2024-11-04T21:40:39","guid":{"rendered":"http:\/\/127.0.0.1:81\/?page_id=36"},"modified":"2025-03-06T22:18:10","modified_gmt":"2025-03-07T01:18:10","slug":"quem-somos","status":"publish","type":"page","link":"http:\/\/advocaciamarisilva.com.br\/?page_id=36","title":{"rendered":"Quem Somos"},"content":{"rendered":"\t\t<div data-elementor-type=\"wp-page\" data-elementor-id=\"36\" class=\"elementor elementor-36\">\n\t\t\t\t<div class=\"elementor-element elementor-element-15d9806f e-flex e-con-boxed e-con e-parent\" data-id=\"15d9806f\" data-element_type=\"container\">\n\t\t\t\t\t<div class=\"e-con-inner\">\n\t\t\t\t<div class=\"elementor-element elementor-element-67b16e95 elementor-widget elementor-widget-text-editor\" data-id=\"67b16e95\" data-element_type=\"widget\" data-widget_type=\"text-editor.default\">\n\t\t\t\t<div class=\"elementor-widget-container\">\n\t\t\t\t\t\t\t\t\t\n<p><\/p>\n\n\n\n<p><\/p>\n\t\t\t\t\t\t\t\t<\/div>\n\t\t\t\t<\/div>\n\t\t\t\t\t<\/div>\n\t\t\t\t<\/div>\n\t\t<div class=\"elementor-element elementor-element-0cef06c e-flex e-con-boxed e-con e-parent\" data-id=\"0cef06c\" data-element_type=\"container\">\n\t\t\t\t\t<div class=\"e-con-inner\">\n\t\t\t\t<div class=\"elementor-element elementor-element-47e6846 elementor-widget elementor-widget-text-editor\" data-id=\"47e6846\" data-element_type=\"widget\" data-widget_type=\"text-editor.default\">\n\t\t\t\t<div class=\"elementor-widget-container\">\n\t\t\t\t\t\t\t\t\t<p data-start=\"82\" data-end=\"376\">A Advocacia Marisilva \u00e9 um escrit\u00f3rio especializado em oferecer solu\u00e7\u00f5es jur\u00eddicas completas e personalizadas para atender \u00e0s necessidades de nossos clientes. Somos reconhecidos pela compet\u00eancia, \u00e9tica e compromisso com os resultados, sempre pautados pela excel\u00eancia e dedica\u00e7\u00e3o no atendimento.<\/p>\n<p data-start=\"378\" data-end=\"701\"><br><\/p>\n<p data-start=\"378\" data-end=\"701\">Nossa miss\u00e3o \u00e9 proporcionar seguran\u00e7a jur\u00eddica e confian\u00e7a a nossos clientes, oferecendo um atendimento pr\u00f3ximo, transparente e eficiente. Atuamos em diversas \u00e1reas do direito, como direito civil, trabalhista, empresarial, tribut\u00e1rio e mais, sempre com a vis\u00e3o de antecipar solu\u00e7\u00f5es e minimizar riscos para nossos clientes.<\/p>\n<p data-start=\"703\" data-end=\"919\"><br><\/p>\n<p data-start=\"703\" data-end=\"919\">Nosso time \u00e9 composto por profissionais altamente capacitados e especializados, prontos para atuar com agilidade e efic\u00e1cia, sempre com foco na resolu\u00e7\u00e3o dos problemas e na prote\u00e7\u00e3o dos interesses de nossos clientes.<\/p>\n<p><\/p>\n<p data-start=\"921\" data-end=\"1177\"><br><\/p>\n<p data-start=\"921\" data-end=\"1177\">Na Advocacia Marisilva, cada cliente \u00e9 \u00fanico e tratado com a aten\u00e7\u00e3o e respeito que merece. Buscamos ser mais do que apenas um escrit\u00f3rio de advocacia: queremos ser o seu parceiro estrat\u00e9gico, apoiando e orientando voc\u00ea em todas as suas demandas jur\u00eddicas.<\/p><p data-start=\"921\" data-end=\"1177\"><br><\/p><p data-start=\"921\" data-end=\"1177\"><br><\/p>\t\t\t\t\t\t\t\t<\/div>\n\t\t\t\t<\/div>\n\t\t\t\t\t<\/div>\n\t\t\t\t<\/div>\n\t\t\t\t<\/div>\n\t\t","protected":false},"excerpt":{"rendered":"<p>A Advocacia Marisilva \u00e9 um escrit\u00f3rio especializado em oferecer solu\u00e7\u00f5es jur\u00eddicas completas e personalizadas para atender \u00e0s necessidades de nossos clientes. Somos reconhecidos pela compet\u00eancia,&hellip;<\/p>\n","protected":false},"author":1,"featured_media":0,"parent":0,"menu_order":0,"comment_status":"closed","ping_status":"closed","template":"","meta":{"footnotes":""},"class_list":["post-36","page","type-page","status-publish","hentry"],"_links":{"self":[{"href":"http:\/\/advocaciamarisilva.com.br\/index.php?rest_route=\/wp\/v2\/pages\/36","targetHints":{"allow":["GET"]}}],"collection":[{"href":"http:\/\/advocaciamarisilva.com.br\/index.php?rest_route=\/wp\/v2\/pages"}],"about":[{"href":"http:\/\/advocaciamarisilva.com.br\/index.php?rest_route=\/wp\/v2\/types\/page"}],"author":[{"embeddable":true,"href":"http:\/\/advocaciamarisilva.com.br\/index.php?rest_route=\/wp\/v2\/users\/1"}],"replies":[{"embeddable":true,"href":"http:\/\/advocaciamarisilva.com.br\/index.php?rest_route=%2Fwp%2Fv2%2Fcomments&post=36"}],"version-history":[{"count":9,"href":"http:\/\/advocaciamarisilva.com.br\/index.php?rest_route=\/wp\/v2\/pages\/36\/revisions"}],"predecessor-version":[{"id":127,"href":"http:\/\/advocaciamarisilva.com.br\/index.php?rest_route=\/wp\/v2\/pages\/36\/revisions\/127"}],"wp:attachment":[{"href":"http:\/\/advocaciamarisilva.com.br\/index.php?rest_route=%2Fwp%2Fv2%2Fmedia&parent=36"}],"curies":[{"name":"wp","href":"https:\/\/api.w.org\/{rel}","templated":true}]}}